000010100010 - -1?
-1001001100000000010100001
In base 6, what is -322240132 + -221?
-322240353
In base 9, what is -180 - 83467?
-83657
In base 12, what is 629b984 - -2?
629b986
In base 6, what is 51113 - 244531?
-153414
In base 8, what is 5 - -304660167?
304660174
In base 4, what is 212312311323 + 103?
212312312032
In base 11, what is -20 - 87581?
-875a1
In base 16, what is -2 - 404d2b?
-404d2d
In base 13, what is 853b3a9 - -12?
853b3bb
In base 2, what is -111110110 + 10100001111?
1100011001
In base 2, what is -11111100111001 - -111101101111?
-10111111001010
In base 9, what is 274683 + -2031?
272652
In base 4, what is -1332332 - -21233?
-1311033
In base 4, what is -1321203100 - -2223?
-1321200211
In base 6, what is -1255455221 + -1?
-1255455222
In base 4, what is 1100210131 + -1120?
1100203011
In base 10, what is -17 - 225029?
-225046
In base 12, what is 24b - 25b?
-10
In base 7, what is 12 + 205163415?
205163430
In base 5, what is 2421004 + 1030?
2422034
In base 4, what is 12300313333 - -3322?
12300323321
In base 7, what is 232165 + -30151?
202014
In base 15, what is -70 - 8210c?
-8217c
In base 7, what is -233 + 156235?
156002
In base 15, what is -9 - -229?
220
In base 9, what is 54 - -2406275?
2406340
In base 3, what is 10010010 + 1010010?
11020020
In base 6, what is -2332053 - 101013?
-2433110
In base 10, what is 78 + 681314?
681392
In base 16, what is -6b413dc - 5?
-6b413e1
In base 9, what is 23040023 + 33?
23040056
In base 3, what is 100200112001 - 1110?
100200110121
In base 2, what is -111111111010111101110 + 1?
-111111111010111101101
In base 10, what is 1808010 - -14?
1808024
In base 12, what is -385 - -857303?
856b3a
In base 13, what is 5 + -550ca06?
-550ca01
In base 15, what is 2daa9 - 13ce?
2c6ca
In base 4, what is -121111 + 2201302?
2020131
In base 10, what is 316614 + -2?
316612
In base 3, what is 11200 - -122020221?
122102121
In base 13, what is 4 - 12b7c41c?
-12b7c418
In base 13, what is -1613 + -aa35?
-c348
In base 3, what is -1020021220001122 + 1101?
-1020021220000021
In base 14, what is -4d2b4 + 18?
-4d29a
In base 10, what is -2706579 - 13?
-2706592
In base 10, what is 2451 + -1313?
1138
In base 15, what is -179a4 - 177?
-17b2b
In base 15, what is -11e71 - 25?
-11e96
In base 14, what is -3 + 7d37d0?
7d37cb
In base 16, what is -858 + 543?
-315
In base 16, what is 69ce + -caa?
5d24
In base 2, what is -101000100100101 + -10110010?
-101000111010111
In base 6, what is 2402325 + 2535?
2405304
In base 3, what is 1211022111 + -1001111221?
202210120
In base 8, what is 11707 + -413372?
-401463
In base 3, what is 10012 + -1112101111001?
-1112101100212
In base 10, what is -833085 - -150?
-832935
In base 16, what is -1 + -bcfc7?
-bcfc8
In base 9, what is -54562765 - 0?
-54562765
In base 12, what is -6a11 - -5a69?
-b64
In base 16, what is b3f97 + 3?
b3f9a
In base 11, what is 63491017 + -3?
63491014
In base 5, what is -1404133 + -2131?
-1411314
In base 9, what is 2 - -1641777?
1641780
In base 8, what is -10555 - 2457?
-13234
In base 8, what is 5641704 + 427?
5642333
In base 8, what is 3 + -44643621?
-44643616
In base 8, what is -4 - -137344127?
137344123
In base 10, what is 150443701 + 1?
150443702
In base 13, what is 4 - 6834c22?
-6834c1b
In base 11, what is -33629832 + 5?
-33629828
In base 2, what is -1000000000101011100111111 + 1?
-1000000000101011100111110
In base 11, what is -2 - 18854502?
-18854504
In base 15, what is -9543e - -56e?
-94dc0
In base 16, what is -260e6d3 - 5?
-260e6d8
In base 16, what is -1beb5 - 236?
-1c0eb
In base 12, what is -20114689 + 1?
-20114688
In base 8, what is 5504 + -13604?
-6100
In base 13, what is 36b65 + -a?
36b58
In base 5, what is 111443002244 + 2?
111443002301
In base 13, what is -25ab92 + -8?
-25ab9a
In base 11, what is -3 + -919945?
-919948
In base 11, what is -3 + -1732232a?
-17322332
In base 13, what is 31b03 - 11aa?
30926
In base 16, what is 46 - 571f7?
-571b1
In base 14, what is 4a + 17c9375?
17c93c1
In base 6, what is -1125453 - 311?
-1130204
In base 13, what is -7 - 78c81bc?
-78c81c6
In base 12, what is -42282b2 + 4?
-42282aa
In base 13, what is -1 - -1754b79?
1754b78
In base 8, what is -4616303 + 17?
-4616264
In base 12, what is -5 - -1032bb08?
1032bb03
In base 6, what is 20 - -20132?
20152
In base 4, what is -3 - 2033033121112?
-2033033121121
In base 4, what is 10 - -11332122201?
11332122211
In base 16, what is 1222 + 5d4?
17f6
In base 10, what is -1 + -16084635?
-16084636
In base 10, what is -25702 - -185?
-25517
In base 6, what is -51032 - -2125135?
2034103
In base 5, what is 3300 + -330242?
-321442
In base 11, what is 5 + a351995?
a35199a
In base 16, what is -e8d51c9 + -3?
-e8d51cc
In base 2, what is 100 + -1011000101000110010000000?
-1011000101000110001111100
In base 2, what is 1101001 + 10011110011001001111?
10011110011010111000
In base 10, what is 6759259 - -3?
6759262
In base 15, what is -9ee3 + -de5?
-add8
In base 9, what is -66 + 101877?
101811
In base 10, what is 125790 - 208?
125582
In base 5, what is -1143441 - -4414?
-1134022
In base 6, what is -314312 + 45?
-314223
In base 11, what is 122763 - -a?
122772
In base 6, what is -43545354 + 3?
-43545351
In base 12, what is -12 - -316684?
316672
In base 2, what is 1011101001001001101 + 10010?
1011101001001011111
In base 6, what is 1241112 + 15235?
1300351
In base 4, what is -110120213331 - 120?
-110120220111
In base 6, what is -355011 + -140552?
-540003
In base 3, what is -11220221111010 - 21021?
-11220221202101
In base 16, what is 1 - d72f2e?
-d72f2d
In base 13, what is 20a345 + -c?
20a336
In base 9, what is -234678 - 823?
-235612
In base 6, what is -252 + 111433?
111141
In base 13, what is -18607 - 31?
-18638
In base 6, what is 44512 - -1044355?
1133311
In base 16, what is 203 + -1346e?
-1326b
In base 6, what is -511430221122 + 3?
-511430221115
In base 11, what is 86a9 - -818?
9416
In base 4, what is 3232333 - -220220?
10113213
In base 7, what is 22423 + 62334?
115060
In base 2, what is -10001101011001001000 - -1101101101?
-10001101001011011011
In base 9, what is 13 - -4582885?
4583008
In base 15, what is 188 + ee57?
100e0
In base 16, what is -4 + 3335b33?
3335b2f
In base 7, what is -335646021 - 14?
-335646035
In base 10, what is -40 + 48519?
48479
In base 15, what is 67ce - 4a1?
632d
In base 4, what is -22 + -3001310213033?
-3001310213121
In base 4, what is 10210 - -330222313?
330233123
In base 11, what is 3 - -3267136?
3267139
In base 16, what is -1f6 + -15361?
-15557
In base 8, what is 213225 + -5611?
205414
In base 9, what is 3 - 201660043?
-201660040
In base 7, what is -401 + 1433364?
1432663
In base 3, what is -100211102102001210 + -2?
-100211102102001212
In base 6, what is -111435052 - -2214?
-111432434
In base 6, what is -2 + -225455222?
-225455224
In base 9, what is -474 - 2621845?
-2622430
In base 8, what is -231046 - 25005?
-256053
In base 3, what is -12021 - 212001211?
-212021002
In base 7, what is -102340101 - -1?
-102340100
In base 7, what is -1312 + -11160222?
-11161534
In base 6, what is 125203345032 + 0?
125203345032
In base 13, what is 1 + 9580a4?
9580a5
In base 14, what is 21c78 - 2?
21c76
In base 14, what is 24c2 - -32815?
34cd7
In base 11, what is -14 + -5a76aa?
-5a7713
In base 2, what is 1111111 + -10110100100101?
-10110010100110
In base 3, what is -1201020100 + -1000110?
-1202020210
In base 5, what is -124213 - -404?
-123304
In base 8, what is -5 + -2232025?
-2232032
In base 10, what is -29689853 + -3?
-29689856
In base 14, what is -11479 + 1258?
-10221
In base 13, what is 1 - -60b913?
60b914
In base 5, what is -200 + -134341121?
-134341321
In base 4, what is 2103320113200 - 0?
2103320113200
In base 2, what is 0 + -100011001110001100101?
-100011001110001100101
In base 9, what is -2 - 8577444?
-8577446
In base 8, what is -54 + 11224226?
11224152
In base 11, what is 0 + 4a92490?
4a92490
In base 10, what is -6209163 - -113?
-6209050
In base 7, what is 250650355 + -4?
250650351
In base 13, what is 2042 - -c45?
2c87
In base 11, what is 995581 + 5?
995586
In base 11, what is 77 + -280327?
-280260
In base 6, what is 5 + -303401244?
-303401235
In base 15, what is -6d - -63886?
63818
In base 2, what is 101100111110011101101 - -100010?
101100111110100001111
In base 6, what is -24220431145 - 5?
-24220431154
In base 14,